ite number?
False
Is 1677901 composite?
True
Is 7663 prime?
False
Is 135563 composite?
True
Is 19831 a prime number?
False
Is 6773 a composite number?
True
Is 20533 a prime number?
True
Is 2097131 a prime number?
True
Is 23783 composite?
True
Is 6973 prime?
False
Is 9791 a prime number?
True
Is 16922 prime?
False
Is 178985 composite?
True
Is 1079 a composite number?
True
Is 804301 a prime number?
False
Is 3719 a composite number?
False
Is 385721 a prime number?
False
Is 653777 prime?
True
Is 2136151 a prime number?
False
Is 5897 a prime number?
True
Is 172369 a composite number?
True
Is 201633 a composite number?
True
Is 6117 prime?
False
Is 4313 composite?
True
Is 41827 prime?
False
Is 1319 composite?
False
Is 1760393 a prime number?
False
Is 695407 prime?
True
Is 7754 composite?
True
Is 24659 a composite number?
False
Is 2251 composite?
False
Is 148279 a composite number?
False
Is 6671 prime?
False
Is 8441 a prime number?
False
Is 54973 prime?
True
Is 15185 a composite number?
True
Is 5113 a composite number?
False
Is 207826 prime?
False
Is 63241 composite?
False
Is 799351 a composite number?
True
Is 307 a prime number?
True
Is 45449 prime?
False
Is 1857671 a composite number?
False
Is 138559 a prime number?
True
Is 235583 composite?
True
Is 2009609 a composite number?
True
Is 6347 prime?
False
Is 29459 a composite number?
True
Is 2343571 a prime number?
True
Is 861079 a prime number?
True
Is 381967 a composite number?
True
Is 196709 a composite number?
False
Is 1023182 a composite number?
True
Is 443 composite?
False
Is 10783 a prime number?
False
Is 38899 a prime number?
False
Is 81869 prime?
True
Is 836567 a prime number?
True
Is 87881 prime?
True
Is 82129 a composite number?
False
Is 85487 a prime number?
True
Is 3407 a prime number?
True
Is 1039 a prime number?
True
Is 2317 composite?
True
Is 7829 a prime number?
True
Is 22513 a prime number?
False
Is 14515 a prime number?
False
Is 31358 a prime number?
False
Is 2371 a prime number?
True
Is 198337 a prime number?
True
Is 6661 a composite number?
False
Is 35381 prime?
True
Is 18771 a composite number?
True
Is 1461 a prime number?
False
Is 11378 a composite number?
True
Is 18323 prime?
False
Is 37691 composite?
False
Is 260411 a prime number?
True
Is 1115447 a composite number?
False
Is 1187 a prime number?
True
Is 80849 prime?
True
Is 49991 a prime number?
True
Is 88721 a composite number?
False
Is 317913 a prime number?
False
Is 178877 composite?
False
Is 529403 composite?
True
Is 7807 prime?
False
Is 150001 a composite number?
False
Is 111029 a composite number?
False
Is 4955 a prime number?
False
Is 9046 prime?
False
Is 5767 a composite number?
True
Is 36241 prime?
True
Is 15859 a composite number?
False
Is 62383 composite?
False
Is 9199 a prime number?
True
Is 161089 prime?
False
Is 853 prime?
True
Is 5767739 a composite number?
False
Is 504367 a composite number?
True
Is 13309 composite?
False
Is 11993 prime?
False
Is 907 prime?
True
Is 100583 a composite number?
True
Is 142643 a prime number?
False
Is 60797 composite?
True
Is 109 prime?
True
Is 291167 a prime number?
True
Is 10519 prime?
False
Is 110089 a prime number?
False
Is 19231 prime?
True
Is 752143 prime?
False
Is 398747 a composite number?
True
Is 13633 composite?
False
Is 140081 a prime number?
False
Is 46133 prime?
True
Is 257 a composite number?
False
Is 540961 composite?
False
Is 16729 composite?
False
Is 13523 prime?
True
Is 5807 a composite number?
False
Is 40609 a prime number?
True
Is 58 prime?
False
Is 71923 prime?
False
Is 149207 prime?
False
Is 774283 a composite number?
False
Is 35729 prime?
True
Is 108761 prime?
True
Is 31907 a prime number?
True
Is 59593 composite?
True
Is 4391 a prime number?
True
Is 32577 prime?
False
Is 317567 a prime number?
False
Is 40867 a prime number?
True
Is 1293562 prime?
False
Is 41063 composite?
True
Is 53353 a prime number?
True
Is 21913 a prime number?
False
Is 419 composite?
False
Is 33559 composite?
True
Is 3359 a prime number?
True
Is 203457 a composite number?
True
Is 483317 prime?
True
Is 86455 a prime number?
False
Is 77053 a prime number?
False
Is 309161 composite?
True
Is 2605 prime?
False
Is 153059 prime?
True
Is 112967 a prime number?
True
Is 436673 a prime number?
True
Is 43481 prime?
True
Is 5569 a prime number?
True
Is 798881 prime?
False
Is 45053 a composite number?
False
Is 2581 a composite number?
True
Is 553037 a composite number?
False
Is 14047 a composite number?
True
Is 249055 composite?
True
Is 131837 a composite number?
False
Is 53657 prime?
True
Is 9101 prime?
False
Is 38989 a composite number?
True
Is 1753 prime?
True
Is 252509 a prime number?
True
Is 26137 a composite number?
True
Is 65027 composite?
False
Is 1271 prime?
False
Is 2101 prime?
False
Is 81602 composite?
True
Is 76991 a composite number?
False
Is 3943 composite?
False
Is 596877 a prime number?
False
Is 45481 composite?
False
Is 235751 composite?
False
Is 1033553 a composite number?
True
Is 28781 prime?
False
Is 14621 a composite number?
False
Is 649693 a composite number?
True
Is 22613 a composite number?
False
Is 3910843 prime?
True
Is 14137 composite?
True
Is 8147 a composite number?
False
Is 21694 a composite number?
True
Is 1023871 composite?
False
Is 6245 a prime number?
False
Is 944077 prime?
True
Is 601589 a composite number?
False
Is 32873 composite?
True
Is 44435 a prime number?
False
Is 352217 composite?
False
Is 86767 a prime number?
True
Is 35331 composite?
True
Is 118369 a composite number?
False
Is 2823943 a composite number?
False
Is 71447 composite?
True
Is 2819 a prime number?
True
Is 135151 a prime number?
True
Is 144617 a composite number?
True
Is 55021 prime?
True
Is 19121 composite?
False
Is 7601 a prime number?
False
Is 18479 a prime number?
False
Is 871405 a prime number?
False
Is 6211 composite?
False
Is 11366 a composite number?
True
Is 70979 a prime number?
True
Is 2479 a composite number?
True
Is 1517 prime?
False
Is 90263 prime?
True
Is 9791 prime?
True
Is 3919 composite?
False
Is 8509 a prime number?
False
Is 206867 a prime number?
False
Is 398833 prime?
True
Is 6247 prime?
True
Is 121787 composite?
False
Is 16273 a prime number?
True
Is 14971 prime?
False
Is 4391 composite?
False
Is 243881 a prime number?
False
Is 1685951 composite?
False
Is 18607 prime?
False
Is 415603 a prime number?
True
Is 11549 a prime number?
True
Is 1543 composite?
False
Is 13283 composite?
True
Is 4915 a composite number?
True
Is 590845 composite?
True
Is 29843 prime?
False
Is 509053 composite?
False
Is 47053 prime?
False
Is 389507 composite?
False
Is 585817 composite?
True
Is 10831 a prime number?
True
Is 4481 composite?
False
Is 146 composite?
True
Is 281901 composite?
True
Is 3787 composite?
True
Is 217883 a prime number?
False
Is 47029 prime?
False
Is 11597 prime?
True
Is 26759 a composite number?
False
Is 206123 prime?
True
Is 72497 a composite number?
False
Is 171263 prime?
True
Is 11855 a prime number?
False
Is 47921 prime?
False
Is 7379 a composite number?
True
Is 1510618 a prime number?
False
Is 477739 composite?
False
Is 596351 composite?
True
Is 10583 a prime number?
False
Is 445 composite?
True
Is 227573 composite?
True
Is 6975857 prime?
False
Is 60209 a prime number?
True
Is 2225557 composite?
False
Is 5326 a prime number?
False
Is 121585 a composite number?
True
Is 83 composite?
False
Is 453467 prime?
False
Is 1597 composite?
False
Is 9563 a prime number?
False
Is 1067 composite?
True
Is 209519 a prime number?
True
Is 15857 a prime number?
False
Is 140815 a prime number?
False
Is 259613 composite?
True
Is 41079 a composite number?
True
Is 779053 a composite number?
True
Is 5345 a composite number?
True
Is 37619 a prime number?
True
Is 20473 composite?
True
Is 8623 a composite number?
False
Is 145239 a composite number?
True
Is 40577 composite?
False
Is 64483 composite?
False
Is 11719 a composite number?
False
Is 1132511 composite?
False
Is 541 a composite number?
False
Is 63059 composite?
False
Is 170855 a prime number?
False
Is 125639 a composite number?
False
Is 116329 a composite number?
False
Is 446819 composite?
False
Is 733 a composite number?
False
Is 155 a composite number?
True
Is 6049 composite?
True
Is 6107 a prime number?
False
Is 68311 composite?
False
Is 1